at is the remainder when 12624 is divided by 23?
20
Calculate the remainder when 2851 is divided by 596.
467
Calculate the remainder when 8773 is divided by 1448.
85
What is the remainder when 1527 is divided by 103?
85
Calculate the remainder when 20055 is divided by 47.
33
What is the remainder when 14368 is divided by 3566?
104
Calculate the remainder when 28036 is divided by 37.
27
What is the remainder when 71739 is divided by 68?
67
Calculate the remainder when 31157 is divided by 164.
161
Calculate the remainder when 494 is divided by 237.
20
Calculate the remainder when 1453 is divided by 179.
21
What is the remainder when 552022 is divided by 396?
394
Calculate the remainder when 7004 is divided by 109.
28
What is the remainder when 1947 is divided by 229?
115
What is the remainder when 14873 is divided by 466?
427
What is the remainder when 5913186 is divided by 1689?
1686
What is the remainder when 727 is divided by 174?
31
What is the remainder when 2168 is divided by 395?
193
What is the remainder when 5284 is divided by 51?
31
Calculate the remainder when 99910 is divided by 1101.
820
Calculate the remainder when 16208 is divided by 81.
8
Calculate the remainder when 1219 is divided by 364.
127
Calculate the remainder when 47216 is divided by 437.
20
Calculate the remainder when 5491 is divided by 176.
35
What is the remainder when 18816 is divided by 29?
24
Calculate the remainder when 261372 is divided by 255.
252
Calculate the remainder when 4395 is divided by 1779.
837
What is the remainder when 20810 is divided by 6?
2
Calculate the remainder when 11223 is divided by 1600.
23
Calculate the remainder when 17253 is divided by 690.
3
Calculate the remainder when 573504 is divided by 10.
4
What is the remainder when 82502 is divided by 887?
11
Calculate the remainder when 8068 is divided by 250.
68
What is the remainder when 271236 is divided by 135607?
22
What is the remainder when 52614 is divided by 60?
54
Calculate the remainder when 28298 is divided by 76.
26
Calculate the remainder when 3008 is divided by 691.
244
Calculate the remainder when 1764 is divided by 8.
4
Calculate the remainder when 37563 is divided by 34.
27
Calculate the remainder when 6965 is divided by 6843.
122
What is the remainder when 8626 is divided by 1168?
450
Calculate the remainder when 63392 is divided by 1219.
4
Calculate the remainder when 1437 is divided by 535.
367
What is the remainder when 6453 is divided by 5585?
868
Calculate the remainder when 648536 is divided by 227.
224
Calculate the remainder when 6704247 is divided by 750.
747
Calculate the remainder when 37699 is divided by 29.
28
What is the remainder when 24217 is divided by 264?
193
What is the remainder when 25533 is divided by 370?
3
What is the remainder when 4787 is divided by 240?
227
Calculate the remainder when 2685 is divided by 8.
5
Calculate the remainder when 705 is divided by 121.
100
Calculate the remainder when 41492 is divided by 461.
2
Calculate the remainder when 11431 is divided by 90.
1
What is the remainder when 2879 is divided by 141?
59
What is the remainder when 1123 is divided by 197?
138
Calculate the remainder when 375333 is divided by 148.
5
What is the remainder when 9781 is divided by 2425?
81
Calculate the remainder when 503251 is divided by 6710.
1
What is the remainder when 28 is divided by 20?
8
Calculate the remainder when 1263 is divided by 54.
21
Calculate the remainder when 33610 is divided by 467.
453
What is the remainder when 1294 is divided by 65?
59
Calculate the remainder when 48566 is divided by 16164.
74
Calculate the remainder when 125901 is divided by 244.
241
Calculate the remainder when 2002338 is divided by 1291.
1288
What is the remainder when 340295 is divided by 18905?
5
What is the remainder when 891956 is divided by 44?
32
Calculate the remainder when 291827 is divided by 154.
151
Calculate the remainder when 121447 is divided by 96.
7
Calculate the remainder when 265 is divided by 67.
64
What is the remainder when 91879 is divided by 3062?
19
What is the remainder when 33896 is divided by 7?
2
Calculate the remainder when 1008106 is divided by 9.
7
What is the remainder when 37796 is divided by 291?
257
Calculate the remainder when 3772 is divided by 624.
28
Calculate the remainder when 160366 is divided by 367.
354
What is the remainder when 79676 is divided by 466?
456
Calculate the remainder when 158380 is divided by 19.
15
Calculate the remainder when 6729 is divided by 51.
48
Calculate the remainder when 801 is divided by 511.
290
Calculate the remainder when 1961 is divided by 171.
80
What is the remainder when 193695 is divided by 781?
7
Calculate the remainder when 33933 is divided by 11.
9
What is the remainder when 95793 is divided by 211?
210
What is the remainder when 47662 is divided by 36?
34
Calculate the remainder when 78397 is divided by 9797.
21
Calculate the remainder when 1370805 is divided by 711.
708
Calculate the remainder when 131785 is divided by 16.
9
Calculate the remainder when 2307 is divided by 232.
219
Calculate the remainder when 1640 is divided by 278.
250
What is the remainder when 10169 is divided by 5078?
13
What is the remainder when 5410 is divided by 203?
132
Calculate the remainder when 6162 is divided by 1321.
878
What is the remainder when 5859 is divided by 1950?
9
What is the remainder when 134685 is divided by 1496?
45
What is the remainder when 5588 is divided by 518?
408
Calculate the remainder when 43545 is divided by 714.
705
What is the remainder when 168697 is divided by 121?
23
What is the remainder when 346422 is divided by 465?
462
What is the remainder when 36877 is divided by 8?
5
What is the remainder when 7433 is divided by 98?
83
What is the remainder when 10688 is divided by 1280?
448
What is the remainder when 4305 is divided by 90?
75
Calculate the remainder when 772 is divided by 14.
2
What is the remainder when 765917 is divided by 102?
101
Calculate the remainder when 33480 is divided by 8368.
8
Calculate the remainder when 4790 is divided by 14.
2
Calculate the remainder when 157078 is divided by 132.
130
What is the remainder when 1263209 is divided by 130?
129
Calculate the remainder when 127253 is divided by 176.
5
Calculate the remainder when 40239 is divided by 1501.
1213
Calculate the remainder when 184235 is divided by 184200.
35
What is the remainder when 3567615 is divided by 416?
415
What is the remainder when 575952 is divided by 575947?
5
Calculate the remainder when 112572 is divided by 395.
392
Calculate the remainder when 7680 is divided by 23.
21
What is the remainder when 2435 is divided by 25?
10
What is the remainder when 833405 is divided by 6945?
5
What is the remainder when 36767 is divided by 10?
7
What is the remainder when 560 is divided by 403?
157
What is the remainder when 1816453 is divided by 709?
704
Calculate the remainder when 114222 is divided by 7.
3
What is the remainder when 3535 is divided by 878?
23
What is the remainder when 130454 is divided by 8?
6
What is the remainder when 18523 is divided by 2311?
35
What is the remainder when 21033 is divided by 1168?
9
What is the remainder when 45976 is divided by 11?
7
Calculate the remainder when 1091 is divided by 103.
61
What is the remainder when 8765 is divided by 64?
61
Calculate the remainder when 3362 is divided by 1117.
11
Calculate the remainder when 132149 is divided by 9435.
59
What is the remainder when 23968 is divided by 742?
224
What is the remainder when 27499 is divided by 670?
29
Calculate the remainder when 9014 is divided by 141.
131
Calculate the remainder when 39723 is divided by 1471.
6
What is the remainder when 294007 is divided by 32?
23
Calculate the remainder when 35793 is divided by 14.
9
What is the remainder when 2589893 is divided by 385?
383
Calculate the remainder when 8328 is divided by 2064.
72
Calculate the remainder when 240551 is divided by 240536.
15
What is the remainder when 13041 is divided by 258?
141
What is the remainder when 31123 is divided by 66?
37
What is the remainder when 141218 is divided by 614?
612
Calculate the remainder when 1083 is divided by 65.
43
Calculate the remainder when 223 is divided by 120.
103
What is th